{"id":232478,"date":"2023-02-10T16:24:14","date_gmt":"2023-02-10T15:24:14","guid":{"rendered":"https:\/\/schneiter-storen.ch\/erstatzteile\/?post_type=product&#038;p=232478"},"modified":"2023-03-24T13:45:33","modified_gmt":"2023-03-24T12:45:33","slug":"windsensor-eolis-wirefree-io-batteriebetrieben","status":"publish","type":"product","link":"https:\/\/schneiter-storen.ch\/ersatzteile\/produkt\/windsensor-eolis-wirefree-io-batteriebetrieben\/","title":{"rendered":"Windsensor Eolis WireFree io (Batteriebetrieben)"},"content":{"rendered":"<p>Der\u00a0<strong>Somfy Funk-Windsensor Eolis WireFree io<\/strong>\u00a0sch\u00fctzt effektiv den Behang Ihrer Markise, Jalousie oder Ihres Screens bei starken Windaufkommen. Wird der individuell eingestellte Grenzwert des Somfy Funk-Windsensors \u00fcberschritten, so wird der Behang eingefahren.\u00a0<em>Dadurch vermeiden Sie kostspielige Sch\u00e4den.<\/em><\/p>\n<p><img decoding=\"async\" src=\"https:\/\/shop.somfy.de\/media\/wysiwyg\/1816084-eolis-wirefree-io.jpg\" alt=\"\" usemap=\"#image-map\" \/><\/p>\n<map name=\"image-map\">\n<area title=\"Somfy\u00ae Funkempf\u00e4nger Smoove Uno A\/M io zur Funknachr\u00fcstung von verdrahteten Markisenmotor kaufen\" alt=\"Somfy\u00ae Funkempf\u00e4nger Smoove Uno A\/M io zur Funknachr\u00fcstung von verdrahteten Markisenmotor kaufen\" coords=\"410,267,910,409\" shape=\"rect\" href=\"https:\/\/www.somfy-onlineshop.ch\/module-smoove-uno-io-compatible-blanc\" target=\"_blank\" \/><\/map>\n<p>Die Sensitivit\u00e4t des Somfy Funk-Windsensors Eolis WireFree io k\u00f6nnen Sie frei zwischen 9 Stufen w\u00e4hlen. Die Abstufung der Empfindlichkeit reicht von 10 km\/h\u00a0 bis 65 km\/h.<\/p>\n<p>Weitere Vorteile des Somfy Funk-Windsensors Eolis WireFree io:<\/p>\n<ul>\n<li>Zuverl\u00e4ssiger Windschutz im modernen Design<\/li>\n<li>Keine st\u00f6rende Verkabelung dank Batteriebetrieb<\/li>\n<li>Wird der Grenzwert 12 Minuten unterschritten, so k\u00f6nnen Sie nach dieser Zeit Ihre Beh\u00e4nge wieder manuell bedienen<\/li>\n<\/ul>\n<p>&nbsp;<\/p>\n<p>Kaufen Sie den Somfy Funk-Windsensor Eolis WireFree io im offiziellen Somfy Onlineshop und sch\u00fctzen Sie Ihre Beh\u00e4nge bei Wind.<\/p>\n<table border=\"0\" align=\"left\">\n<tbody>\n<tr>\n<td>\u00a0<img loading=\"lazy\" decoding=\"async\" src=\"https:\/\/shop.somfy.de\/media\/wysiwyg\/windfahne.png\" alt=\"\" width=\"50\" height=\"27\" \/><\/td>\n<td><strong>Individuelle Sensibilit\u00e4t<br \/>\n<\/strong>Der Somfy Funk-Windsensor Eolis WireFree io besitzt 9 Grenzwerte. So k\u00f6nnen Sie f\u00fcr Ihre Region den perfekten Grenzwert einstellen.<\/td>\n<\/tr>\n<tr>\n<td><img loading=\"lazy\" decoding=\"async\" src=\"https:\/\/shop.somfy.de\/media\/wysiwyg\/somfy-io-homecontrol.png\" alt=\"Somfy io-homecontrol\" width=\"50\" height=\"50\" \/><\/td>\n<td><strong>Innovative Funktechnologie<br \/>\n<\/strong>Sie erhalten eine R\u00fcckmeldung, ob Ihre Beh\u00e4nge eingefahren sind. So k\u00f6nnen Sie auch von unterwegs bequem \u00fcber Ihr Smartphone pr\u00fcfen, ob zu Hause alles in bester Ordnung ist.<\/td>\n<\/tr>\n<\/tbody>\n<\/table>\n<p>&nbsp;<\/p>\n<h4 class=\"accordion-title\"><span class=\"libelle\">\u00a0<\/span><\/h4>\n<h4 class=\"accordion-title\"><\/h4>\n<table style=\"width: 630px;\" border=\"1\" cellspacing=\"0\" cellpadding=\"0\">\n<tbody>\n<tr>\n<td style=\"width: 180.359px;\" valign=\"top\">Funktionen:<\/td>\n<td style=\"width: 443.641px;\" valign=\"top\"><\/td>\n<\/tr>\n<tr>\n<td style=\"width: 180.359px;\" valign=\"top\">Anwendungsbereich<\/td>\n<td style=\"width: 443.641px;\" valign=\"top\">Schutz bei Wind, Au\u00dfenbereich<\/td>\n<\/tr>\n<tr>\n<td style=\"width: 180.359px;\" valign=\"top\">Einstellbarer Grenzwert<\/td>\n<td style=\"width: 443.641px;\" valign=\"top\">1 bis 9 (10 bis 65 km\/h)<\/td>\n<\/tr>\n<tr>\n<td style=\"width: 180.359px;\" valign=\"top\">Grenzwert ab Werk<\/td>\n<td style=\"width: 443.641px;\" valign=\"top\">20 km\/h<\/td>\n<\/tr>\n<tr>\n<td style=\"width: 180.359px;\" valign=\"top\">Ma\u00dfe<\/td>\n<td style=\"width: 443.641px;\" valign=\"top\">216 x 95 mm<\/td>\n<\/tr>\n<tr>\n<td style=\"width: 180.359px;\" valign=\"top\">Spannungsversorgung<\/td>\n<td style=\"width: 443.641px;\" valign=\"top\">Batteriebetrieb<\/td>\n<\/tr>\n<tr>\n<td style=\"width: 180.359px;\" valign=\"top\"><\/td>\n<td style=\"width: 443.641px;\" valign=\"top\"><\/td>\n<\/tr>\n<\/tbody>\n<\/table>\n","protected":false},"excerpt":{"rendered":"<p>Der\u00a0Somfy Funk-Windsensor Eolis WireFree io\u00a0sch\u00fctzt effektiv den Behang Ihrer Markise, Jalousie oder Ihres Screens bei starken Windaufkommen. Wird der individuell eingestellte Grenzwert des Somfy Funk-Windsensors \u00fcberschritten, so wird der Behang eingefahren.\u00a0Dadurch vermeiden Sie kostspielige Sch\u00e4den. Die Sensitivit\u00e4t des Somfy Funk-Windsensors Eolis WireFree io k\u00f6nnen Sie frei zwischen 9 Stufen w\u00e4hlen. Die Abstufung der Empfindlichkeit reicht [&hellip;]<\/p>\n","protected":false},"featured_media":232479,"comment_status":"closed","ping_status":"closed","template":"","meta":{"_et_pb_use_builder":"","_et_pb_old_content":"","_et_gb_content_width":""},"product_brand":[],"product_cat":[72],"product_tag":[],"class_list":{"0":"post-232478","1":"product","2":"type-product","3":"status-publish","4":"has-post-thumbnail","6":"product_cat-io-system","7":"product_shipping_class-lieferung-innerhalb-von-4-tagen","9":"first","10":"instock","11":"taxable","12":"shipping-taxable","13":"purchasable","14":"product-type-simple"},"yoast_head":"<!-- This site is optimized with the Yoast SEO plugin v26.7 - https:\/\/yoast.com\/wordpress\/plugins\/seo\/ -->\n<title>Windsensor Eolis WireFree io (Batteriebetrieben) - Schneiter Storen AG Ersatzteilshop<\/title>\n<meta name=\"robots\" content=\"index, follow, max-snippet:-1, max-image-preview:large, max-video-preview:-1\" \/>\n<link rel=\"canonical\" href=\"https:\/\/schneiter-storen.ch\/ersatzteile\/produkt\/windsensor-eolis-wirefree-io-batteriebetrieben\/\" \/>\n<meta property=\"og:locale\" content=\"de_DE\" \/>\n<meta property=\"og:type\" content=\"article\" \/>\n<meta property=\"og:title\" content=\"Windsensor Eolis WireFree io (Batteriebetrieben) - Schneiter Storen AG Ersatzteilshop\" \/>\n<meta property=\"og:description\" content=\"Der\u00a0Somfy Funk-Windsensor Eolis WireFree io\u00a0sch\u00fctzt effektiv den Behang Ihrer Markise, Jalousie oder Ihres Screens bei starken Windaufkommen. Wird der individuell eingestellte Grenzwert des Somfy Funk-Windsensors \u00fcberschritten, so wird der Behang eingefahren.\u00a0Dadurch vermeiden Sie kostspielige Sch\u00e4den. Die Sensitivit\u00e4t des Somfy Funk-Windsensors Eolis WireFree io k\u00f6nnen Sie frei zwischen 9 Stufen w\u00e4hlen. Die Abstufung der Empfindlichkeit reicht [&hellip;]\" \/>\n<meta property=\"og:url\" content=\"https:\/\/schneiter-storen.ch\/ersatzteile\/produkt\/windsensor-eolis-wirefree-io-batteriebetrieben\/\" \/>\n<meta property=\"og:site_name\" content=\"Schneiter Storen AG Ersatzteilshop\" \/>\n<meta property=\"article:publisher\" content=\"https:\/\/www.facebook.com\/Schneiter-Storen-AG-102972985016682\" \/>\n<meta property=\"article:modified_time\" content=\"2023-03-24T12:45:33+00:00\" \/>\n<meta property=\"og:image\" content=\"https:\/\/schneiter-storen.ch\/ersatzteile\/wp-content\/uploads\/Eolis-WireFree-io.png\" \/>\n\t<meta property=\"og:image:width\" content=\"1000\" \/>\n\t<meta property=\"og:image:height\" content=\"1000\" \/>\n\t<meta property=\"og:image:type\" content=\"image\/png\" \/>\n<meta name=\"twitter:card\" content=\"summary_large_image\" \/>\n<meta name=\"twitter:label1\" content=\"Gesch\u00e4tzte Lesezeit\" \/>\n\t<meta name=\"twitter:data1\" content=\"2\u00a0Minuten\" \/>\n<script type=\"application\/ld+json\" class=\"yoast-schema-graph\">{\"@context\":\"https:\/\/schema.org\",\"@graph\":[{\"@type\":\"WebPage\",\"@id\":\"https:\/\/schneiter-storen.ch\/ersatzteile\/produkt\/windsensor-eolis-wirefree-io-batteriebetrieben\/\",\"url\":\"https:\/\/schneiter-storen.ch\/ersatzteile\/produkt\/windsensor-eolis-wirefree-io-batteriebetrieben\/\",\"name\":\"Windsensor Eolis WireFree io (Batteriebetrieben) - Schneiter Storen AG Ersatzteilshop\",\"isPartOf\":{\"@id\":\"https:\/\/schneiter-storen.ch\/ersatzteile\/#website\"},\"primaryImageOfPage\":{\"@id\":\"https:\/\/schneiter-storen.ch\/ersatzteile\/produkt\/windsensor-eolis-wirefree-io-batteriebetrieben\/#primaryimage\"},\"image\":{\"@id\":\"https:\/\/schneiter-storen.ch\/ersatzteile\/produkt\/windsensor-eolis-wirefree-io-batteriebetrieben\/#primaryimage\"},\"thumbnailUrl\":\"https:\/\/schneiter-storen.ch\/ersatzteile\/wp-content\/uploads\/Eolis-WireFree-io.png\",\"datePublished\":\"2023-02-10T15:24:14+00:00\",\"dateModified\":\"2023-03-24T12:45:33+00:00\",\"breadcrumb\":{\"@id\":\"https:\/\/schneiter-storen.ch\/ersatzteile\/produkt\/windsensor-eolis-wirefree-io-batteriebetrieben\/#breadcrumb\"},\"inLanguage\":\"de\",\"potentialAction\":[{\"@type\":\"ReadAction\",\"target\":[\"https:\/\/schneiter-storen.ch\/ersatzteile\/produkt\/windsensor-eolis-wirefree-io-batteriebetrieben\/\"]}]},{\"@type\":\"ImageObject\",\"inLanguage\":\"de\",\"@id\":\"https:\/\/schneiter-storen.ch\/ersatzteile\/produkt\/windsensor-eolis-wirefree-io-batteriebetrieben\/#primaryimage\",\"url\":\"https:\/\/schneiter-storen.ch\/ersatzteile\/wp-content\/uploads\/Eolis-WireFree-io.png\",\"contentUrl\":\"https:\/\/schneiter-storen.ch\/ersatzteile\/wp-content\/uploads\/Eolis-WireFree-io.png\",\"width\":1000,\"height\":1000},{\"@type\":\"BreadcrumbList\",\"@id\":\"https:\/\/schneiter-storen.ch\/ersatzteile\/produkt\/windsensor-eolis-wirefree-io-batteriebetrieben\/#breadcrumb\",\"itemListElement\":[{\"@type\":\"ListItem\",\"position\":1,\"name\":\"Startseite\",\"item\":\"https:\/\/schneiter-storen.ch\/ersatzteile\/\"},{\"@type\":\"ListItem\",\"position\":2,\"name\":\"Shop\",\"item\":\"https:\/\/schneiter-storen.ch\/ersatzteile\/\"},{\"@type\":\"ListItem\",\"position\":3,\"name\":\"Windsensor Eolis WireFree io (Batteriebetrieben)\"}]},{\"@type\":\"WebSite\",\"@id\":\"https:\/\/schneiter-storen.ch\/ersatzteile\/#website\",\"url\":\"https:\/\/schneiter-storen.ch\/ersatzteile\/\",\"name\":\"Schneiter Storen AG Ersatzteilshop\",\"description\":\"Sonne ist geil - Schatten ist cool!\",\"publisher\":{\"@id\":\"https:\/\/schneiter-storen.ch\/ersatzteile\/#organization\"},\"potentialAction\":[{\"@type\":\"SearchAction\",\"target\":{\"@type\":\"EntryPoint\",\"urlTemplate\":\"https:\/\/schneiter-storen.ch\/ersatzteile\/?s={search_term_string}\"},\"query-input\":{\"@type\":\"PropertyValueSpecification\",\"valueRequired\":true,\"valueName\":\"search_term_string\"}}],\"inLanguage\":\"de\"},{\"@type\":\"Organization\",\"@id\":\"https:\/\/schneiter-storen.ch\/ersatzteile\/#organization\",\"name\":\"Schneiter-Storen\",\"url\":\"https:\/\/schneiter-storen.ch\/ersatzteile\/\",\"logo\":{\"@type\":\"ImageObject\",\"inLanguage\":\"de\",\"@id\":\"https:\/\/schneiter-storen.ch\/ersatzteile\/#\/schema\/logo\/image\/\",\"url\":\"https:\/\/schneiter-storen.ch\/ersatzteile\/wp-content\/uploads\/logo.png\",\"contentUrl\":\"https:\/\/schneiter-storen.ch\/ersatzteile\/wp-content\/uploads\/logo.png\",\"width\":500,\"height\":188,\"caption\":\"Schneiter-Storen\"},\"image\":{\"@id\":\"https:\/\/schneiter-storen.ch\/ersatzteile\/#\/schema\/logo\/image\/\"},\"sameAs\":[\"https:\/\/www.facebook.com\/Schneiter-Storen-AG-102972985016682\",\"https:\/\/www.linkedin.com\/company\/schneiter-storen\/\"]}]}<\/script>\n<!-- \/ Yoast SEO plugin. -->","yoast_head_json":{"title":"Windsensor Eolis WireFree io (Batteriebetrieben) - Schneiter Storen AG Ersatzteilshop","robots":{"index":"index","follow":"follow","max-snippet":"max-snippet:-1","max-image-preview":"max-image-preview:large","max-video-preview":"max-video-preview:-1"},"canonical":"https:\/\/schneiter-storen.ch\/ersatzteile\/produkt\/windsensor-eolis-wirefree-io-batteriebetrieben\/","og_locale":"de_DE","og_type":"article","og_title":"Windsensor Eolis WireFree io (Batteriebetrieben) - Schneiter Storen AG Ersatzteilshop","og_description":"Der\u00a0Somfy Funk-Windsensor Eolis WireFree io\u00a0sch\u00fctzt effektiv den Behang Ihrer Markise, Jalousie oder Ihres Screens bei starken Windaufkommen. Wird der individuell eingestellte Grenzwert des Somfy Funk-Windsensors \u00fcberschritten, so wird der Behang eingefahren.\u00a0Dadurch vermeiden Sie kostspielige Sch\u00e4den. Die Sensitivit\u00e4t des Somfy Funk-Windsensors Eolis WireFree io k\u00f6nnen Sie frei zwischen 9 Stufen w\u00e4hlen. Die Abstufung der Empfindlichkeit reicht [&hellip;]","og_url":"https:\/\/schneiter-storen.ch\/ersatzteile\/produkt\/windsensor-eolis-wirefree-io-batteriebetrieben\/","og_site_name":"Schneiter Storen AG Ersatzteilshop","article_publisher":"https:\/\/www.facebook.com\/Schneiter-Storen-AG-102972985016682","article_modified_time":"2023-03-24T12:45:33+00:00","og_image":[{"width":1000,"height":1000,"url":"https:\/\/schneiter-storen.ch\/ersatzteile\/wp-content\/uploads\/Eolis-WireFree-io.png","type":"image\/png"}],"twitter_card":"summary_large_image","twitter_misc":{"Gesch\u00e4tzte Lesezeit":"2\u00a0Minuten"},"schema":{"@context":"https:\/\/schema.org","@graph":[{"@type":"WebPage","@id":"https:\/\/schneiter-storen.ch\/ersatzteile\/produkt\/windsensor-eolis-wirefree-io-batteriebetrieben\/","url":"https:\/\/schneiter-storen.ch\/ersatzteile\/produkt\/windsensor-eolis-wirefree-io-batteriebetrieben\/","name":"Windsensor Eolis WireFree io (Batteriebetrieben) - Schneiter Storen AG Ersatzteilshop","isPartOf":{"@id":"https:\/\/schneiter-storen.ch\/ersatzteile\/#website"},"primaryImageOfPage":{"@id":"https:\/\/schneiter-storen.ch\/ersatzteile\/produkt\/windsensor-eolis-wirefree-io-batteriebetrieben\/#primaryimage"},"image":{"@id":"https:\/\/schneiter-storen.ch\/ersatzteile\/produkt\/windsensor-eolis-wirefree-io-batteriebetrieben\/#primaryimage"},"thumbnailUrl":"https:\/\/schneiter-storen.ch\/ersatzteile\/wp-content\/uploads\/Eolis-WireFree-io.png","datePublished":"2023-02-10T15:24:14+00:00","dateModified":"2023-03-24T12:45:33+00:00","breadcrumb":{"@id":"https:\/\/schneiter-storen.ch\/ersatzteile\/produkt\/windsensor-eolis-wirefree-io-batteriebetrieben\/#breadcrumb"},"inLanguage":"de","potentialAction":[{"@type":"ReadAction","target":["https:\/\/schneiter-storen.ch\/ersatzteile\/produkt\/windsensor-eolis-wirefree-io-batteriebetrieben\/"]}]},{"@type":"ImageObject","inLanguage":"de","@id":"https:\/\/schneiter-storen.ch\/ersatzteile\/produkt\/windsensor-eolis-wirefree-io-batteriebetrieben\/#primaryimage","url":"https:\/\/schneiter-storen.ch\/ersatzteile\/wp-content\/uploads\/Eolis-WireFree-io.png","contentUrl":"https:\/\/schneiter-storen.ch\/ersatzteile\/wp-content\/uploads\/Eolis-WireFree-io.png","width":1000,"height":1000},{"@type":"BreadcrumbList","@id":"https:\/\/schneiter-storen.ch\/ersatzteile\/produkt\/windsensor-eolis-wirefree-io-batteriebetrieben\/#breadcrumb","itemListElement":[{"@type":"ListItem","position":1,"name":"Startseite","item":"https:\/\/schneiter-storen.ch\/ersatzteile\/"},{"@type":"ListItem","position":2,"name":"Shop","item":"https:\/\/schneiter-storen.ch\/ersatzteile\/"},{"@type":"ListItem","position":3,"name":"Windsensor Eolis WireFree io (Batteriebetrieben)"}]},{"@type":"WebSite","@id":"https:\/\/schneiter-storen.ch\/ersatzteile\/#website","url":"https:\/\/schneiter-storen.ch\/ersatzteile\/","name":"Schneiter Storen AG Ersatzteilshop","description":"Sonne ist geil - Schatten ist cool!","publisher":{"@id":"https:\/\/schneiter-storen.ch\/ersatzteile\/#organization"},"potentialAction":[{"@type":"SearchAction","target":{"@type":"EntryPoint","urlTemplate":"https:\/\/schneiter-storen.ch\/ersatzteile\/?s={search_term_string}"},"query-input":{"@type":"PropertyValueSpecification","valueRequired":true,"valueName":"search_term_string"}}],"inLanguage":"de"},{"@type":"Organization","@id":"https:\/\/schneiter-storen.ch\/ersatzteile\/#organization","name":"Schneiter-Storen","url":"https:\/\/schneiter-storen.ch\/ersatzteile\/","logo":{"@type":"ImageObject","inLanguage":"de","@id":"https:\/\/schneiter-storen.ch\/ersatzteile\/#\/schema\/logo\/image\/","url":"https:\/\/schneiter-storen.ch\/ersatzteile\/wp-content\/uploads\/logo.png","contentUrl":"https:\/\/schneiter-storen.ch\/ersatzteile\/wp-content\/uploads\/logo.png","width":500,"height":188,"caption":"Schneiter-Storen"},"image":{"@id":"https:\/\/schneiter-storen.ch\/ersatzteile\/#\/schema\/logo\/image\/"},"sameAs":["https:\/\/www.facebook.com\/Schneiter-Storen-AG-102972985016682","https:\/\/www.linkedin.com\/company\/schneiter-storen\/"]}]}},"_links":{"self":[{"href":"https:\/\/schneiter-storen.ch\/ersatzteile\/wp-json\/wp\/v2\/product\/232478","targetHints":{"allow":["GET"]}}],"collection":[{"href":"https:\/\/schneiter-storen.ch\/ersatzteile\/wp-json\/wp\/v2\/product"}],"about":[{"href":"https:\/\/schneiter-storen.ch\/ersatzteile\/wp-json\/wp\/v2\/types\/product"}],"replies":[{"embeddable":true,"href":"https:\/\/schneiter-storen.ch\/ersatzteile\/wp-json\/wp\/v2\/comments?post=232478"}],"wp:featuredmedia":[{"embeddable":true,"href":"https:\/\/schneiter-storen.ch\/ersatzteile\/wp-json\/wp\/v2\/media\/232479"}],"wp:attachment":[{"href":"https:\/\/schneiter-storen.ch\/ersatzteile\/wp-json\/wp\/v2\/media?parent=232478"}],"wp:term":[{"taxonomy":"product_brand","embeddable":true,"href":"https:\/\/schneiter-storen.ch\/ersatzteile\/wp-json\/wp\/v2\/product_brand?post=232478"},{"taxonomy":"product_cat","embeddable":true,"href":"https:\/\/schneiter-storen.ch\/ersatzteile\/wp-json\/wp\/v2\/product_cat?post=232478"},{"taxonomy":"product_tag","embeddable":true,"href":"https:\/\/schneiter-storen.ch\/ersatzteile\/wp-json\/wp\/v2\/product_tag?post=232478"}],"curies":[{"name":"wp","href":"https:\/\/api.w.org\/{rel}","templated":true}]}}